e 16.
13db0
What is -3031343120 (base 5) in base 7?
-103014256
What is -12200112212 (base 3) in base 11?
-77112
1780cb (base 14) to base 3
1120002222210
What is 54504506 (base 7) in base 10?
4673969
What is -12a1278 (base 12) in base 16?
-385a3c
-11112111022 (base 3) to base 14
-24785
What is -1092530 (base 11) in base 13?
-519aab
Convert -4210431 (base 6) to base 2.
-110001101101110011
What is -121102120112 (base 3) in base 2?
-1001110111100100110
10101100010100000011111 (base 2) to base 6
321004331
Convert -1a685a (base 13) to base 9.
-1233124
What is -2032112102 (base 4) in base 14?
-1126b0
What is -20121021120 (base 3) in base 9?
-217246
Convert 15185475 (base 9) to base 7.
121136264
976920 (base 11) to base 9
2838312
Convert -479870 (base 10) to base 3.
-220101020222
Convert 344080 (base 10) to base 15.
6be3a
Convert -3513045 (base 7) to base 3.
-211101011210
Convert -110000000101100110101100 (base 2) to base 9.
-25643000
Convert 634353 (base 13) to base 10.
2322804
Convert -100201011 (base 3) to base 16.
-1ba6
Convert 47070 (base 11) to base 9.
113188
26673 (base 9) to base 11
12618
Convert 126611 (base 11) to base 6.
4133321
What is 397934 (base 11) in base 13?
18b850
What is 1984c (base 13) in base 7?
265021
-b505e (base 15) to base 9
-1064138
Convert -1104276 (base 8) to base 5.
-34002100
Convert -4213001113 (base 5) to base 8.
-41205074
-1013331001 (base 4) to base 8
-1077501
What is 11403142143 (base 5) in base 16?
cb7620
Convert -112010210000111 (base 3) to base 15.
-9d67ea
-108f5a (base 16) to base 4
-10020331122
3433645 (base 8) to base 3
1202100010020
Convert -13575254 (base 8) to base 5.
-1242010303
Convert 67522 (base 10) to base 5.
4130042
Convert -11011010101000011 (base 2) to base 9.
-180486
-22b2c1 (base 14) to base 13
-325744
Convert -1002201010012 (base 3) to base 5.
-122202434
What is 61048 (base 9) in base 5?
2241024
What is 8710 (base 14) in base 15?
6dad
Convert 4962277 (base 10) to base 8.
22733745
Convert -10100010001001101100 (base 2) to base 6.
-22122512
-14de8 (base 16) to base 7
-504133
Convert -13233003 (base 4) to base 6.
-402403
What is -125200403 (base 6) in base 16?
-25f893
Convert 2a972 (base 16) to base 3.
22212022010
What is 60b6 (base 14) in base 5?
1012444
What is 362206 (base 8) in base 14?
332bc
Convert -1530744 (base 8) to base 10.
-438756
What is 4104130024 (base 5) in base 2?
11111100011001100101111
What is 36260 (base 15) in base 5?
21011130
Convert -515252 (base 6) to base 16.
-a190
302815 (base 12) to base 10
751121
-10314101 (base 5) to base 4
-111221023
Convert -12010202100000 (base 3) to base 12.
-ab8599
Convert a10cc (base 14) to base 4.
1132200030
What is 12315313 (base 6) in base 15?
7d399
Convert -45c4 (base 14) to base 7.
-50234
Convert -100022002313 (base 4) to base 13.
-b53aa8
What is 10210100 (base 4) in base 9?
27582
-21053355 (base 6) to base 13
-1864c4
Convert 1242523 (base 8) to base 16.
54553
120230110 (base 5) to base 3
1001012100200
What is -19d59 (base 15) in base 6?
-1444533
What is -9258 (base 11) in base 3?
-121211222
Convert -13433204 (base 6) to base 12.
-19b804
-11110110101010011111 (base 2) to base 14
-1c42ab
Convert -c27a58 (base 13) to base 15.
-5e7255
Convert 114832 (base 9) to base 11.
47aa2
What is -3333120201 (base 4) in base 10?
-1046049
-1022112200202 (base 3) to base 6
-22554545
222210102020 (base 3) to base 4
2000300022
-1011020100020 (base 3) to base 15
-c2266
What is 9268a (base 11) in base 16?
21057
Convert -456600 (base 7) to base 12.
-3b269
-21578503 (base 9) to base 2
-100111110101111111110111
Convert 162956 (base 11) to base 3.
110211122121
-9073982 (base 10) to base 11
-5138465
What is 10034570 (base 8) in base 15?
2bab0e
What is -638457 (base 9) in base 7?
-3142261
-362457 (base 9) to base 3
-102002111221
-7bc0a (base 13) to base 4
-313031110
-3664a3 (base 12) to base 10
-881979
What is -939868 (base 16) in base 10?
-9672808
Convert 33033132130 (base 4) to base 13.
a9b83b
Convert -723880 (base 11) to base 16.
-11b9d8
Convert -1410631 (base 9) to base 4.
-2331020320
-1111111111111001010 (base 2) to base 5
-113233414
Convert -87280 (base 11) to base 4.
-132330313
-110001010100001 (base 2) to base 11
-17a74
What is 3aa563 (base 16) in base 11?
2195695
-4421232441 (base 5) to base 7
-144135140
-4022007 (base 9) to base 4
-20022202333
-10101001111100010 (base 2) to base 11
-5a410
6dbf5e (base 16) to base 13
164a988
Convert 10133024 (base 5) to base 9.
136503
-23212013013 (base 4) to base 2
-1011100110000111000111
What is -212580 (base 11) in base 8?
-1230202
Convert -3801766 (base 9) to base 15.
-2acb66
Convert 122203212331 (base 4) to base 16.
6a39bd
What is 509360 (base 11) in base 15?
11240d
Convert -2ab23 (base 12) to base 5.
-3412423
What is 364240 (base 11) in base 9?
1067856
Convert 133304400 (base 5) to base 14.
13a6b8
Convert 1565214 (base 11) to base 4.
22030033112
What is -111111111101001111001110 (base 2) in base 11?
-951151a
Convert -1470383 (base 12) to base 10.
-4126995
ec92 (base 16) to base 14
180dc
What is 13253012 (base 6) in base 12?
194168
What is 2320424 (base 6) in base 5?
12310032
Convert -707666 (base 16) to base 12.
-25752b2
What is -25051140 (base 6) in base 8?
-3032244
Convert -1b380 (base 15) to base 13.
-313c2
Convert 35d889 (base 15) to base 7.
30622164
What is -1110020012001 (base 3) in base 5?
-144202042
What is 33233300 (base 5) in base 3?
112201120021
What is 133122104 (base 5) in base 14?
138797
What is -22b1a79 (base 12) in base 13?
-15080a9
Convert 267455 (base 9) to base 4.
213301331
Convert 61f462 (base 16) to base 8.
30372142
25124024 (base 6) to base 4
3010120300
Convert -2332310323 (base 5) to base 15.
-70b4c8
Convert -20451502 (base 6) to base 12.
-249b92
-235672 (base 8) to base 3
-11002212120
Convert 12303024 (base 8) to base 3.
12010020220220
What is -256816 (base 9) in base 12?
-762b0
-32551344 (base 6) to base 11
-609458
Convert -144040421 (base 6) to base 9.
-5558284
Convert 19222 (base 13) to base 15.
e66a
Convert -4a8b3 (base 14) to base 5.
-21322304
What is -21202022001221 (base 3) in base 15?
-565971
584879 (base 11) to base 12
389589
55607 (base 10) to base 15
11722
Convert 310326 (base 8) to base 4.
121003112
Convert a9269 (base 16) to base 2.
10101001001001101001
Convert 16662125 (base 8) to base 3.
21022202020121
Convert -213400331 (base 5) to base 3.
-1201200102011
Convert 16175b (base 13) to base 9.
1022114
2447458 (base 13) to base 15
ec9027
323030201 (base 5) to base 16
15029e
Convert 10232030111 (base 4) to base 9.
2285822
What is 13410330114 (base 5) in base 12?
5952265
Convert 11101101001000000011 (base 2) to base 7.
11153453
Convert -294c1 (base 15) to base 7.
-1061620
Convert 20132321 (base 4) to base 10.
34745
Convert 283715 (base 9) to base 11.
109275
-21233221 (base 4) to base 16
-9be9
Convert -38009 (base 15) to base 8.
-535304
Convert 133101223 (base 4) to base 10.
128107
60718 (base 9) to base 6
504542
-121612226 (base 7) to base 12
-26816bb
-21000122222 (base 3) to base 14
-38562
Convert -303122 (base 4) to base 2.
-110011011010
What is -1010111221220 (base 3) in base 7?
-5051133
-34d4ca (base 15) to base 11
-1475571
-1403586 (base 9) to base 4
-2330010003
919482 (base 11) to base 9
2700525
Convert -5c90 (base 14) to base 6.
-202554
What is -40301042 (base 5) in base 11?
-1aaa38
What is 1b729b (base 14) in base 11?
60a434
What is -33226356 (base 7) in base 16?
-2bb46e
Convert -1000010101111110001111010 (base 2) to base 11.
-9970a05
12034312 (base 5) to base 13
3bb96
34656545 (base 7) to base 4
23222030120
What is -1cb52 (base 13) in base 6?
-1115111
What is 1436024 (base 11) in base 13?
6852a1
1360841 (base 9) to base 10
748639
What is -4a7ba2 (base 12) in base 9?
-2253635
Convert -1320323323 (base 4) to base 15.
-9bb8a
Convert -a9344 (base 11) to base 12.
-77a94
What is -421278 (base 9) in base 4?
-331012220
b71009 (base 12) to base 15
3be7e6
Convert 1277613 (base 10) to base 14.
253861
Convert -ca872 (base 15) to base 11.
-3aa239
What is 102221202011 (base 3) in base 12?
b41aa
2311401 (base 6) to base 4
130320121
What is 113203313 (base 4) in base 6?
2022435
What is -1110101101101011010101 (base 2) in base 4?
-32231223111
What is 4550525 (base 8) in base 6?
42233233
-1022300